or of w and z?
8
Suppose -19*h + 290595 + 107151 + 367194 = 0. Calculate the highest common divisor of h and 132.
132
Suppose -185*o + 7953 = -79*o + 135*o. Suppose -4*l = -11 + 3. Suppose -x - r = -l*x + 46, 0 = 3*x - 4*r - 140. What is the greatest common divisor of x and o?
11
Suppose 5*u = -2*f - 2389 + 11272, u - 13318 = -3*f. Calculate the greatest common divisor of 579 and f.
193
Let b(w) = -w**2 - 27*w + 23327. Let u be b(139). Suppose 4*s + r + 4*r = 256, 2*s - 122 = -4*r. What is the greatest common divisor of s and u?
23
Suppose -26*u = -28*u + 3*n + 339, -5*u - 3*n = -816. What is the greatest common divisor of 1335 and u?
15
Suppose -80 = -z + 9*z. Let q(k) = -20*k - 24. Let m be q(z). Suppose 3*x - 4*f + f = 45, -x = -2*f - 14. What is the greatest common divisor of m and x?
16
Let u be 79/((-2054)/(-312)) + 78. Let p(z) = 2*z**3 - 4*z**2 - z + 3. Let i be p(3). Calculate the greatest common divisor of u and i.
18
Let h be 4 - (((-10)/(-2) - -1) + -14). What is the greatest common divisor of h and 906?
6
Let y(v) = -2*v**2 + 18*v - 30. Let p be y(6). Let m be (38/p)/(25/75). Let s(u) = -6*u + 1. Let j be s(-3). What is the highest common factor of m and j?
19
Suppose -4*t + 2*v + 20 = 0, 26 = 4*t + 3*v - 4. Let z be (44 + 2)/(t/9). What is the highest common divisor of 483 and z?
69
Suppose 1125 - 107 = 42*k - 452. What is the highest common factor of 85 and k?
5
Let z = 18 + -18. Suppose -4*g + 3*g + 12 = z. Suppose 0 = -5*i - 5*r + 70, 5*r - 31 = -2*i + 3. Calculate the highest common divisor of g and i.
12
Let q = 226 + -224. Suppose -9*h + 8*h - 4 = -w, q = 5*w + h. Calculate the greatest common divisor of w and 5.
1
Let x = 177 + -174. Let g be ((-24)/(-9))/(x/(-45))*-4. What is the greatest common factor of 20 and g?
20
Suppose 757 + 1647 = 4*g - 4*b, 2386 = 4*g + 2*b. What is the greatest common divisor of g and 91?
13
Let l be (3/(-6))/(-6 - (-25)/4). Let k be -43 + 40 + (-2 - l - -33). Calculate the highest common factor of k and 135.
15
Let l(y) = 787*y - 4071. Let q be l(6). Calculate the greatest common factor of q and 1395.
93
Let g(m) = 5199*m**2 - 37*m + 3. Let c be g(-1). What is the greatest common factor of 338 and c?
169
Suppose 3514*r = 3511*r + 453. What is the highest common divisor of 151 and r?
151
Let i = 13233 + -12659. What is the greatest common factor of 21 and i?
7
Let r = 130 - 127. Suppose 4*c + 5*o = 18, c + r*c = 4*o. Let a be (-1200)/(-24)*(c + 3/(-2)). Calculate the highest common divisor of 50 and a.
25
Let r be (-18)/27*(7164/(-48) + 6/8). Let i = -17 - -83. What is the greatest common factor of r and i?
33
Suppose -5*h + 899 - 164 = 0. Suppose -3*g = -5*g + 42. Calculate the greatest common divisor of h and g.
21
Let p = 54 - -10. Let k be (-35)/(-5) - (-6 - (40/(-5) + 123)). Calculate the highest common divisor of k and p.
64
Let u(l) = 26*l**2 + 3*l + 11. Let d be u(-3). Calculate the greatest common divisor of d and 19942.
118
Let h be (4780/100)/((-2)/(-10)). Calculate the greatest common divisor of h and 16013.
239
Suppose 5*w - 3*o = 94180, -13*w + 9*w - 2*o + 75322 = 0. What is the greatest common factor of w and 37?
37
Let o be 65/2*120/50. Let j(z) = -7*z + 55. Let s be j(7). Calculate the greatest common divisor of o and s.
6
Let p = 16469 + -15305. Calculate the highest common factor of 84 and p.
12
Suppose 5 = -r + 4*n, 3*r - n = -6*n + 70. Suppose -40*k + 1266 - 366 = -38*k. Calculate the greatest common divisor of k and r.
15
Suppose 5*u + 0*u + 4*c = 134, 5*u - 158 = 2*c. Let g(v) = 2*v**2 - 62*v + 90. Let k be g(u). Calculate the highest common divisor of k and 10.
10
Suppose 0 = -5*v - 9 - 1. Let b(l) = -3*l**3 - 3*l**2 - l - 2. Let a be b(v). Let i = 11418 - 11334. Calculate the highest common factor of i and a.
12
Suppose 0 = 3*p + 9, 113*p = 4*w + 109*p - 57784. Calculate the greatest common factor of 143 and w.
143
Let q = -233 + 248. Let x be (-1)/(-3) - (0 + (-985)/q). What is the greatest common factor of 121 and x?
11
Let s be (13 + -13)/(1 + 0). Let q be 5/2*(-1 + 3 + s). Let a(h) = -h**3 + 5*h**2 + 4*h - 6. Let z be a(q). What is the greatest common divisor of 28 and z?
14
Let y(w) = 6*w**2 - 12*w + 21. Let b be y(7). Let u be (-2)/11 - (-40467)/b. Suppose 689 = 6*x - u. What is the highest common divisor of 18 and x?
18
Suppose -2*b - v = 16, b - 5*b + 3*v - 12 = 0. Let u(a) = -75*a - 224. Let d be u(b). Calculate the highest common divisor of d and 113.
113
Let x = 48 - 106. Let b = x - -58. Suppose 2*g + 2*z - 4 = b, -2*g - 3*g + z + 40 = 0. Calculate the greatest common factor of 35 and g.
7
Let a be (-16236)/(-4182) + (-2)/(-17) - (-2 - 7244). Calculate the greatest common factor of 29 and a.
29
Suppose -3*z + v = -2866, -3*z + 445 = -5*v - 2401. Calculate the highest common factor of z and 429.
33
Let k(w) = -w**3 + 6*w**2 + 2*w + 4. Let b be k(6). Let r(u) = 23*u - 43. Let h be r(13). What is the highest common divisor of h and b?
16
Let f = -4 - 21. Let y = 85 + f. Calculate the highest common factor of 100 and y.
20
Let p be 12/(-4) - -6 - 7. Let z be 2 + p - -125*2. Let u(j) = j**3 + 9*j**2 - 11*j + 21. Let v be u(-10). What is the greatest common factor of v and z?
31
Let y = -3184 + 3365. Calculate the greatest common factor of y and 57377.
181
Suppose 0 = -8*r + 4*r - 8. Let b be (-1 + 4)/((3 + r)*1). Suppose -b*f + 33 = -2*n + 3*n, -4*f = 4*n - 92. Calculate the greatest common divisor of 54 and n.
18
Let x be ((-81)/9)/(-9)*-3. Let m(u) = -89*u - 36. Let v be m(x). Calculate the greatest common factor of v and 22.
11
Suppose 65*y = 62*y + 117. Calculate the highest common factor of 81 and y.
3
Let d = -127 + 129. Suppose -d*s = 3*i - 7*s - 119, -2*i + 116 = 4*s. What is the highest common factor of 36 and i?
12
Let s = 393 - 423. Let j be ((-5)/s*-3)/((-6)/216). What is the highest common factor of j and 24?
6
Suppose -19*m - m + 280 = 0. Suppose 7*f - m*f + 308 = 0. Calculate the greatest common divisor of 88 and f.
44
Suppose 3*l - 103 = 62. Let c = l - 43. Suppose -78 = -c*w + 18. Calculate the greatest common factor of w and 4.
4
Suppose -i + 16 = 7*i. Suppose -i*d + 34 + 26 = 0. Suppose 11*g = 16*g - d. Calculate the greatest common factor of g and 42.
6
Suppose 271 = -31*x + 126*x - 109. Suppose 0 = 3*k - 3*v, -9 - 6 = -5*v. Calculate the greatest common divisor of k and x.
1
Let b(z) = -3*z - 10. Let a be b(-10). Let s = -53 - -30. Let u = s - -33. What is the highest common factor of u and a?
10
Suppose 8*i - 1377 = -3*h, 345 = 29*i - 27*i + h. What is the greatest common divisor of i and 63?
9
Let c(q) = -2*q**2 - 3*q + 16. Let h be c(0). Let f = h - -33. Let t = f - -119. Calculate the highest common divisor of 21 and t.
21
Suppose 0*m + 108 = 7*m + 5*b, 0 = -m - 4*b + 45. Suppose 0 = -z - z + 180. What is the greatest common factor of z and m?
9
Suppose 0 = -3*a + 3*x + 12, 0 = 7*x - 5*x - 6. Suppose 4*z + a = 19. What is the highest common factor of z and 6?
3
Suppose 0 = -0*m - 80*m + 193280. Calculate the highest common factor of m and 151.
151
Let k be (5 + (-116)/12)/((-20)/240). Calculate the highest common factor of k and 2160.
8
Let h = -113 + 115. Suppose 5*u + 29 = 4, h*u - 269 = -k. What is the highest common divisor of 31 and k?
31
Suppose 4*f + f - 495 = 0. Suppose 0 = 3*w + 138 + f. Let a = 82 + w. Calculate the greatest common divisor of a and 2.
1
Let n(o) = -3*o**2 - 274*o - 138. Let u be n(-90). Calculate the greatest common factor of 60 and u.
6
Let p be ((-144)/(-28))/((-207)/(-3864)). What is the highest common divisor of p and 1824?
96
Let t(r) = r - 8. Let b be t(10). Suppose g + b*j = 20, 4*j - 21 = -3*g + 37. What is the highest common factor of 162 and g?
18
Let b = 2480 + -2463. What is the highest common factor of 3 and b?
1
Let h be (21856/160 + 2/5)*4. Suppose -17 = 2*r - 7. Let u be ((-6)/r)/(h/180 - 3). What is the highest common factor of 54 and u?
27
Let j be 848 - -78 - (8/3 - 2/3). Calculate the highest common factor of j and 36.
12
Let v = 16 - -12. Let n(t) = -14*t**2 - 330*t + 396. Let o be n(-24). Calculate the highest common factor of v and o.
28
Let x = -8 + 33. Let m be 5/35*-12*7/2. Let y be (18/m - -103)*1. Calculate the highest common divisor of y and x.
25
Let h(c) = 295*c**2 + c + 31. Le